 of 4840 and 29808350?
1210
What is the greatest common factor of 5439021 and 63?
21
What is the greatest common divisor of 51471 and 163979253?
7353
What is the greatest common factor of 282397280 and 5280?
1760
What is the highest common divisor of 2352015 and 2565?
45
Calculate the greatest common factor of 383 and 174288746.
383
What is the highest common divisor of 16 and 41048944?
16
What is the highest common factor of 24319999 and 77?
11
Calculate the highest common divisor of 7878 and 24778.
26
What is the highest common factor of 9 and 2017845?
9
Calculate the greatest common divisor of 7923 and 537652.
139
What is the greatest common divisor of 3368036 and 16058?
518
Calculate the greatest common divisor of 15 and 1693640040.
15
Calculate the highest common divisor of 4026 and 3022008.
66
What is the greatest common factor of 16734993 and 10302?
303
What is the greatest common factor of 9908530 and 4650?
310
Calculate the greatest common factor of 1312 and 295342352.
656
Calculate the greatest common divisor of 55 and 1153592.
11
Calculate the greatest common divisor of 980 and 443860.
20
What is the greatest common factor of 903297755 and 1390?
695
What is the highest common divisor of 1959879 and 2137665?
4233
Calculate the highest common factor of 300 and 20304660.
60
What is the highest common factor of 2769 and 13893919?
923
Calculate the greatest common divisor of 20213 and 639421.
493
What is the highest common divisor of 6578023 and 299?
23
What is the highest common divisor of 4185 and 382385?
155
Calculate the highest common factor of 242 and 21078596.
22
What is the greatest common factor of 90855 and 375?
15
Calculate the highest common factor of 264316 and 45356.
1564
What is the highest common divisor of 277 and 473967498?
277
Calculate the greatest common divisor of 3621 and 5601.
3
What is the highest common factor of 676 and 42598816?
676
Calculate the highest common factor of 270 and 30045.
15
Calculate the greatest common divisor of 22936551 and 99.
33
Calculate the highest common factor of 95110556 and 6228.
692
What is the highest common divisor of 41818860 and 5685?
5685
What is the greatest common divisor of 2568 and 253907148?
1284
Calculate the highest common divisor of 26215539 and 15396.
3849
Calculate the highest common divisor of 106410 and 1310.
10
Calculate the highest common divisor of 26194 and 251853.
7
Calculate the highest common factor of 758238 and 1378.
26
What is the greatest common divisor of 2134992 and 957469?
2341
Calculate the highest common factor of 81609161 and 2146.
1073
What is the greatest common divisor of 12 and 170139372?
12
Calculate the highest common factor of 250 and 84210.
10
What is the highest common divisor of 461825 and 188650?
1225
What is the highest common factor of 8382545 and 19465?
1145
Calculate the highest common divisor of 937533 and 270351.
1581
Calculate the highest common divisor of 31968 and 430488.
216
Calculate the highest common factor of 13125122 and 5644.
2822
Calculate the highest common divisor of 1634 and 8346644.
86
What is the greatest common factor of 121793 and 13166111?
959
Calculate the highest common factor of 216 and 380000.
8
What is the greatest common factor of 170214528 and 2640?
528
What is the greatest common factor of 11031155 and 10?
5
What is the greatest common divisor of 1160 and 164860?
20
What is the highest common factor of 130487280 and 1228?
1228
Calculate the greatest common factor of 13346557 and 889.
889
Calculate the highest common divisor of 229766140 and 2620.
2620
Calculate the greatest common factor of 887886 and 711978.
642
What is the greatest common divisor of 319 and 31688213?
29
What is the highest common factor of 139 and 351005580?
139
What is the greatest common divisor of 1251 and 7030481?
139
Calculate the greatest common factor of 120325 and 820.
5
What is the greatest common factor of 25909559 and 118807?
3211
What is the greatest common factor of 28 and 85814?
2
What is the highest common factor of 25064 and 9724?
52
What is the highest common divisor of 484064 and 6384?
112
Calculate the greatest common factor of 675 and 67525.
25
Calculate the greatest common factor of 306162 and 2342862.
1314
Calculate the greatest common factor of 11480 and 565267.
41
Calculate the greatest common divisor of 5544845 and 11619.
1291
What is the greatest common divisor of 22 and 5613302?
2
Calculate the highest common factor of 4230263 and 34.
17
Calculate the greatest common factor of 96552 and 44181.
9
Calculate the greatest common divisor of 72 and 1437208.
8
Calculate the highest common factor of 159940 and 1782.
22
What is the highest common divisor of 4393128 and 792?
24
Calculate the highest common factor of 5453 and 1898669.
41
Calculate the highest common divisor of 1080464 and 8800.
176
What is the greatest common divisor of 1558006 and 6?
2
What is the greatest common divisor of 15864294 and 533?
41
What is the highest common factor of 120037 and 51078353?
5219
Calculate the highest common divisor of 2063360 and 1340.
20
Calculate the highest common factor of 16917289 and 2921.
127
Calculate the greatest common divisor of 24960 and 22710.
30
Calculate the highest common factor of 632 and 8881022.
158
What is the highest common factor of 11352 and 112863003?
1419
What is the highest common divisor of 11196976 and 93360?
6224
Calculate the greatest common factor of 1726102 and 1946.
1946
What is the highest common factor of 1095575 and 525?
25
What is the highest common factor of 15238 and 13471?
19
What is the greatest common divisor of 1108384 and 342?
38
Calculate the highest common divisor of 1224 and 147070638.
306
What is the greatest common divisor of 27096 and 29719796?
4516
What is the highest common factor of 50012644 and 44?
44
What is the highest common divisor of 115375 and 3640?
65
Calculate the highest common factor of 1299634 and 448.
14
What is the highest common factor of 462 and 13114234?
14
Calculate the greatest common factor of 104 and 56173078.
26
What is the greatest common factor of 25696 and 117953?
11
What is the greatest common divisor of 10 and 3051420?
10
What is the greatest common factor of 5688 and 1787217?
237
Calculate the highest common factor of 1938 and 8974194.
114
What is the greatest common factor of 145 and 95439232?
29
Calculate the greatest common divisor of 2042540 and 430.
10
What is the greatest common factor of 445527325 and 2225?
2225
What is the greatest common factor of 3835 and 18057455?
65
What is the highest common factor of 3148317 and 261?
9
Calculate the highest common factor of 13596 and 159812328.
1236
Calculate the highest common divisor of 33 and 39059097.
33
What is the greatest common factor of 6654565 and 1982?
991
Calculate the highest common divisor of 59613 and 4051761.
1923
Calculate the greatest common factor of 9164 and 113681.
79
What is the highest common divisor of 15096 and 662408706?
3774
What is the greatest common divisor of 26 and 171242?
2
What is the highest common divisor of 234 and 3772908?
18
Calculate the highest common factor of 91 and 259467.
13
Calculate the highest common factor of 11933525 and 250.
25
Calculate the highest common factor of 146 and 6357497.
73
What is the highest common factor of 35126 and 19861244?
5018
Calculate the highest common factor of 20128 and 46324.
148
What is the highest common divisor of 12260 and 174465?
5
Calculate the highest common divisor of 59352 and 9336.
24
Calculate the greatest common factor of 123249903 and 1596.
399
Calculate the greatest common factor of 22751921 and 553.
79
Calculate the highest common divisor of 325 and 1439675575.
325
Calculate the highest common divisor of 28812795 and 113520.
7095
Calculate the greatest common divisor of 579784 and 681352.
4232
Calculate the highest common factor of 2171 and 3734530319.
2171
What is the greatest common factor of 15516 and 801?
9
Calculate the greatest common divisor of 7996 and 70544.
4
What is the greatest common factor of 1836 and 24869997?
459
What is the greatest common factor of 1820005 and 110935?
55
Calculate the greatest common factor of 13090 and 8720558.
2618
What is the greatest common factor of 20764 and 2287262